
5, 23
Suppose 21*d - 1089 - 2544 = 0. What are the prime factors of d?
173
Suppose 78 = -p + 77. Let o(l) = -l**3 - 8*l**2 - 7*l - 2. Let d be o(-7). List the prime factors of (-60)/(d + 3)*p.
2, 3, 5
Suppose 4746 = 12*d + 822. Let v = d - 169. List the prime factors of v.
2, 79
What are the prime factors of 22/(-66)*(-6)/2*669?
3, 223
Let f = 943 + 141. What are the prime factors of f?
2, 271
Suppose -3*u - 6 - 3 = 0. Let o be u + 2 + 3 + 0. List the prime factors of 3 - (-28 + o + -3).
2
Let y(l) = -17*l - 7. Let v(k) = -1. Let c(a) = -4*v(a) + y(a). Let g be c(-12). Suppose 5*t - g + 36 = 0. List the prime factors of t.
3, 11
Let l(n) = -4*n + 12. Let g be l(-13). Suppose 2*c + 2*c = -g. Let y = 28 + c. List the prime factors of y.
2, 3
Suppose -4*f - r + 645 = f, 3*f + 3*r - 399 = 0. Let g = 310 - f. What are the prime factors of g?
2, 7, 13
Let v = -9 + 9. Suppose v*d - 2*d = -10. Suppose 6*k + 5*n = k - d, -4*k - 5*n - 7 = 0. List the prime factors of k.
2
Let d be ((0 - -1) + -21)*1. Let s(v) = -v**3 + 8*v**2 + 7*v + 14. Let u be s(9). What are the prime factors of (-475)/d - 1/u?
2, 3
Suppose a + u = -2*a - 5, -a = -4*u - 20. Let w(k) = -k**3 + k**2 - k + 222. List the prime factors of w(a).
2, 3, 37
Suppose p = -4*o + 10, -4*o + 4*p + 24 = 4. Let c(j) = -j**3 + 2*j**2 - 6*j + 5. Let x be c(o). List the prime factors of (-11)/x*(19 - 1).
3
Let z(g) = g**3 - 14*g**2 + 15*g - 11. Let a = 69 - 113. Let j = -31 - a. What are the prime factors of z(j)?
3, 5
Let k = -107 + 230. What are the prime factors of k?
3, 41
Suppose -2*z = f + 2*f - 76, f + 3*z - 37 = 0. Suppose k - 73 = f. Suppose 3*j - k = -m - 3, 4*m = -16. List the prime factors of j.
2
Suppose 4*s - 79 = -l, 12 = 7*l - 3*l. Suppose -46 = z + s. Let c = z + 139. What are the prime factors of c?
2, 37
Let g(k) = -k**2 + 22*k + 10. Let b be 16 - (1 - (-4)/4). List the prime factors of g(b).
2, 61
Let x(s) = s**3 - 13*s**2 + 2*s - 19. Let m be x(14). Let h = m + -103. What are the prime factors of h?
2, 3, 17
Suppose -40418 = -16*j + 28990. List the prime factors of j.
2, 3, 241
Let a be (1 + -6 + 22)/((-2)/14). Let f = a - -297. What are the prime factors of f?
2, 89
Suppose -2*a = -a. Let k(o) = o**3 - 10*o**2 - 23*o - 14. Let y be k(12). List the prime factors of 35 + a + 2 + y.
5, 7
Suppose -2*n - 4 = -5*z, -2*n + 2*z + 12 = 5*z. Suppose n*i = -i. Suppose i*r + 4*b = -3*r + 75, -2*r - 2*b = -50. List the prime factors of r.
5
What are the prime factors of -30 + 2554 + 1*2?
2, 3, 421
Let o = 1475 + -312. What are the prime factors of o?
1163
Let m be ((-2)/2)/(11/(-44)). Suppose -m*a + 480 = 2*g, -g = -2*a - 3*a + 614. What are the prime factors of a?
2, 61
What are the prime factors of 1*(-2 + 5 - 9 - -1705)?
1699
Let b(g) = 3*g**2 - 5*g + 2. Let w(i) = -5*i**2 - 5*i + 1. Let u(h) = -h. Let l(r) = 5*u(r) - w(r). Let t be l(1). List the prime factors of b(t).
2, 3, 5
Suppose -786 + 142 = -4*j. List the prime factors of j.
7, 23
Suppose 3*x + x - o = 3110, -x + 2*o = -774. What are the prime factors of x?
2, 389
Let z = -145 - -685. Suppose -33*r + z = -30*r. What are the prime factors of r?
2, 3, 5
Let t(d) = d**3 + 3*d**2. Let q be t(-2). Suppose -3*o = q*f - 76, 5*f - 2*f - 62 = -o. What are the prime factors of f?
2, 11
Let m(u) = -55*u - 65. Let i(w) be the third derivative of 7*w**4/24 + 4*w**3/3 - w**2. Let p(j) = -25*i(j) - 3*m(j). What are the prime factors of p(-4)?
5, 7
Suppose 5*y = 12586 + 9. What are the prime factors of y?
11, 229
Let c = 374 - 184. Let l = c - 110. What are the prime factors of l?
2, 5
Let l = -37 - -22. Let b = -2 + 32. Let h = b + l. List the prime factors of h.
3, 5
Let z(i) = -i**3 - 11*i**2 + 9*i - 14. Suppose 2*s + 24 = -0*s. What are the prime factors of z(s)?
2, 11
List the prime factors of 1 + 455 - (-5 - -8 - 6).
3, 17
Let q = 370 + 1. List the prime factors of q.
7, 53
Let s = 50 + -45. Let w(j) = 5*j. What are the prime factors of w(s)?
5
List the prime factors of 6 - 1 - (-2585)/5.
2, 3, 29
List the prime factors of (6/9)/((-46)/(-144969)).
11, 191
Suppose 2*p - 5*n = -9, 0 = -p - p + 2*n. Suppose -p*f = -3*m + 2*f - 49, -37 = 4*m - f. List the prime factors of 2*(-4)/m*19.
19
Suppose 10*v = 12*v + 8. What are the prime factors of -2*(3 + v)*10?
2, 5
Let x(n) = -332*n - 366. List the prime factors of x(-11).
2, 31, 53
What are the prime factors of ((4 - -1) + -41)*(-4)/6?
2, 3
Let g(p) = 9*p**2 + 2. Let s(i) be the first derivative of i**4/4 - 8*i**3/3 + 2*i + 9. Let f be s(8). List the prime factors of g(f).
2, 19
What are the prime factors of ((-21)/2)/(21/(-490))?
5, 7
Suppose 3*o + 4*r - 1321 = 0, 542 = o + 5*r + 87. What are the prime factors of o?
3, 5, 29
Suppose 2*x - 4 = x. Suppose 0 + x = 2*t. Suppose -t*u = -4*u + 110. What are the prime factors of u?
5, 11
Suppose 0 = 4*o - 0*o + 8, -3*o = -2*b - 28. Let h(x) = x**3 + 17*x**2 - 9*x + 32. List the prime factors of h(b).
5, 37
What are the prime factors of (-4)/(-11 + 7)*437/1?
19, 23
Suppose 0 = -3*h + 4*m + 3, 0*m - 3*m = -5*h + 16. Suppose o - 504 = -h*o. What are the prime factors of o?
2, 3, 7
Let c(b) = -7*b + 13. Let n(m) = -3*m + 6. Let u(x) = 2*c(x) - 5*n(x). Suppose -2*p - 28 = -4*p. What are the prime factors of u(p)?
2, 5
Let n(g) be the second derivative of -4*g**3/3 - g**2/2 - g. Let b = -10 + 6. What are the prime factors of n(b)?
31
Suppose 2*l - 9*v = -13*v + 988, -4*l + 3*v + 1998 = 0. List the prime factors of l.
2, 3, 83
Let s(a) = -a**3 - a + 1. Let d(m) = 3*m**3 - 9*m**2 - 4*m + 4. Let r(z) = -d(z) - 4*s(z). Let f be (12 - 4)*-1 + 1. List the prime factors of r(f).
2, 17
Suppose -5*d + 4631 = 3*t, -5*t + 6 = -4. List the prime factors of d.
5, 37
Let j(r) = 202*r**3 + r**2 - 2*r - 2. What are the prime factors of j(2)?
2, 3, 269
Let w(g) = 97*g - 181. List the prime factors of w(20).
1759
Let n(p) = p - 18. Let k(a) = 2*a - 17. Let s(z) = 3*k(z) - 2*n(z). What are the prime factors of s(10)?
5
Let z = -551 - -583. What are the prime factors of z?
2
Let w(o) = -o**3 + 0 - 2*o + 4*o**2 + 1 - 2*o**2 + 28*o**3. Let g be w(1). Let x = g - 9. List the prime factors of x.
19
List the prime factors of 6 + 1784 - (3 - 4).
3, 199
Suppose 0 = 54*l - 18*l - 57384. What are the prime factors of l?
2, 797
Let f(m) = m**3 + 5*m**2. Let j be f(-4). Suppose 0 = 4*l - 2*l - j. Let z = l + -2. What are the prime factors of z?
2, 3
Suppose 11 = 3*l - 1. Suppose -l*y + 30 = -y. List the prime factors of y.
2, 5
Let a = -5224 + 9240. List the prime factors of a.
2, 251
Let w(g) = g - 3. Let j be w(8). Let i(x) = x - 8 + x**2 - j + 4. What are the prime factors of i(-5)?
11
Let j be 3/21 + (-404)/(-14). List the prime factors of (j - -1) + 8/(-2) + 4.
2, 3, 5
Let b(l) = -l**2 - 5*l + 27. Let d be b(-8). Suppose 9 = -d*q, 4*j - 2*q - 21 = -3. List the prime factors of j.
3
Let t = 106 - 180. Let z = 161 + t. What are the prime factors of z?
3, 29
Let c be 0 - -8 - (1 + 3). Suppose -c*n - 2*s = 3*s + 10, -3*n = s + 2. Suppose -j = -n*j - 7. List the prime factors of j.
7
Let w(t) = 60*t**2 + 28*t + 164. List the prime factors of w(-7).
2, 727
Let t(m) = 346*m + 27. Let b be t(10). List the prime factors of b/22 - (0 + (-3)/(-6)).
2, 79
Let l = 1 + -1. Suppose 2*y + 2*f - 54 = 0, l*y + f - 115 = -5*y. Suppose 0 = 5*b - 4*b - y. What are the prime factors of b?
2, 11
Let y(r) = -r**2 + 3*r - 1. Let k be y(3). Let v be (k + 2)/((-4)/(-8)). Suppose -h = -0 - v. List the prime factors of h.
2
Suppose -5*v - 3*g + 6 = 1, 0 = -v - g + 3. Let s(w) = -36*w. What are the prime factors of s(v)?
2, 3
Let u(o) = -4024*o - 54. What are the prime factors of u(-1)?
2, 5, 397
Suppose 4*l = y - 70, -102*y + 104*y = 4*l + 144. List the prime factors of y.
2, 37
Suppose 3*u + 9 = 3, 5 = 5*a + 5*u. Suppose a*v + 0 = 12. What are the prime factors of v?
2
Let h(b) = b**3 - 10*b**2 + 14*b - 39. Let y be h(9). Suppose -3*z + 76 = 2*g, -y*g - 41 = -3*z - g. What are the prime factors of z?
2, 11
Let t(l) = l**2 - 6*l - 45. List the prime factors of t(22).
307
Let u(k) = k**2 - 16*k + 13. Let x be u(15). Let h(s) = s + 13. Let d be h(-9). List the prime factors of 14*(-2)/d*x.
2, 7
List the prime factors of (2940/18 - 7)*3.
7, 67
Suppose -44 = -4*k + 12. Let x(w) = -w**3 + 2*w**3 + k - 8*w - 7*w**2